{"id":119,"date":"2015-09-02T18:17:07","date_gmt":"2015-09-02T16:17:07","guid":{"rendered":"https:\/\/2015.berlin.wordcamp.org\/?page_id=119"},"modified":"2015-10-20T21:27:03","modified_gmt":"2015-10-20T19:27:03","slug":"wordcamp-berlin-2015","status":"publish","type":"page","link":"https:\/\/berlin.wordcamp.org\/2015\/wordcamp-berlin-2015\/","title":{"rendered":"Herzlich Willkommen zum WordCamp Berlin 2015 !"},"content":{"rendered":"<p>Wir freuen uns, euch dieses Jahr wieder ein WordCamp in Berlin ank\u00fcndigen zu k\u00f6nnen.<\/p>\n<p>Du bist begeistert von WordPress und m\u00f6chtest dem System tiefer unter die Haube schauen? Du m\u00f6chtest nicht nur fertige Themes oder Plugins nutzen, sondern auch selber Hand anlegen? Wenn dich Themes, Plugins und die tech\u00adni\u00adschen M\u00f6glichkeiten von WordPress interessieren\u00a0und wenn du andere WordPress Fans treffen m\u00f6chtest, dann bist du auf diesem Camp genau richtig.<\/p>\n<p><strong>Das WordCamp Berlin 2015 findet\u00a0am Samstag, den 14. November in der SRH Hochschule Berlin statt.\u00a0<\/strong><\/p>\n<p>Geplant sind an diesem Tag 12 bis 16 Vortr\u00e4ge\u00a0verteilt auf zwei Tracks. Dieses WordCamp hat <strong>einen klaren Fokus auf Entwicklung und Design<\/strong>. Wir rechnen mit 150 Teilnehmerinnen und Teilnehmern und ganz besonders mit DIR!<\/p>\n<p>Anschlie\u00dfend findet am <strong>Sonntag, dem 15. November<\/strong> ein <strong>Contributor Day<\/strong> statt f\u00fcr alle, die an Erfahrungsaustausch und an aktiver Beteiligung an WordPress Projekten interessiert sind.<\/p>\n<div class=\"sponsored\">Sponsored by:<\/p>\n<div class=\"logo-links\"><a href=\"http:\/\/inpsyde.com\/\" rel=\"nofollow\"><img loading=\"lazy\" decoding=\"async\" src=\"https:\/\/2015.berlin.wordcamp.org\/files\/2015\/09\/inpsyde-640x173-300x81.png\" alt=\"inpsyde-640x173\" width=\"300\" height=\"81\" class=\"aligncenter size-medium wp-image-850\" srcset=\"https:\/\/berlin.wordcamp.org\/2015\/files\/2015\/09\/inpsyde-640x173-300x81.png 300w, https:\/\/berlin.wordcamp.org\/2015\/files\/2015\/09\/inpsyde-640x173-500x135.png 500w, https:\/\/berlin.wordcamp.org\/2015\/files\/2015\/09\/inpsyde-640x173.png 640w\" sizes=\"auto, (max-width: 300px) 100vw, 300px\" \/><\/a><a href=\"http:\/\/krafit.de\" rel=\"nofollow\"><img loading=\"lazy\" decoding=\"async\" src=\"https:\/\/2015.berlin.wordcamp.org\/files\/2015\/09\/Logo.png\" alt=\"Logo\" width=\"238\" height=\"65\" class=\"aligncenter size-full wp-image-1150\"><\/a><br \/>\n<a href=\"https:\/\/www.wp-immomakler.de\/\" rel=\"nofollow\"><img loading=\"lazy\" decoding=\"async\" src=\"https:\/\/2015.berlin.wordcamp.org\/files\/2015\/09\/RZ-WPI-Logo_rgb_700x200-300x86.png\" alt=\"wp-immomakler\" width=\"300\" height=\"86\" class=\"aligncenter size-medium wp-image-552\" srcset=\"https:\/\/berlin.wordcamp.org\/2015\/files\/2015\/09\/RZ-WPI-Logo_rgb_700x200-300x86.png 300w, https:\/\/berlin.wordcamp.org\/2015\/files\/2015\/09\/RZ-WPI-Logo_rgb_700x200-500x143.png 500w, https:\/\/berlin.wordcamp.org\/2015\/files\/2015\/09\/RZ-WPI-Logo_rgb_700x200.png 640w\" sizes=\"auto, (max-width: 300px) 100vw, 300px\" \/><\/a><a href=\"https:\/\/mittwald.de\/\" rel=\"nofollow\"><img loading=\"lazy\" decoding=\"async\" src=\"https:\/\/2015.berlin.wordcamp.org\/files\/2015\/09\/RGB_Mittwald-Logo-Blau-300x77.png\" alt=\"RGB_Mittwald-Logo-Blau\" width=\"300\" height=\"77\" class=\"aligncenter size-medium wp-image-652\" srcset=\"https:\/\/berlin.wordcamp.org\/2015\/files\/2015\/09\/RGB_Mittwald-Logo-Blau-300x77.png 300w, https:\/\/berlin.wordcamp.org\/2015\/files\/2015\/09\/RGB_Mittwald-Logo-Blau-1024x264.png 1024w, https:\/\/berlin.wordcamp.org\/2015\/files\/2015\/09\/RGB_Mittwald-Logo-Blau-500x129.png 500w, https:\/\/berlin.wordcamp.org\/2015\/files\/2015\/09\/RGB_Mittwald-Logo-Blau.png 2000w\" sizes=\"auto, (max-width: 300px) 100vw, 300px\" \/><\/a><a href=\"http:\/\/web-dev-media.de\" rel=\"nofollow\"><img loading=\"lazy\" decoding=\"async\" class=\"aligncenter size-medium wp-image-997\" src=\"https:\/\/2015.berlin.wordcamp.org\/files\/2015\/09\/webdev-Logo_CMYK-300x78.jpg\" alt=\"webdev-Logo_CMYK\" width=\"300\" height=\"78\" srcset=\"https:\/\/berlin.wordcamp.org\/2015\/files\/2015\/09\/webdev-Logo_CMYK-300x78.jpg 300w, https:\/\/berlin.wordcamp.org\/2015\/files\/2015\/09\/webdev-Logo_CMYK-1024x265.jpg 1024w, https:\/\/berlin.wordcamp.org\/2015\/files\/2015\/09\/webdev-Logo_CMYK-500x130.jpg 500w\" sizes=\"auto, (max-width: 300px) 100vw, 300px\" \/><\/a><a href=\"https:\/\/www.savvii.de\/\"><img loading=\"lazy\" decoding=\"async\" src=\"https:\/\/2015.berlin.wordcamp.org\/files\/2015\/10\/savvii_logo_RGB-300x68.png\" alt=\"savvii_logo_RGB\" width=\"300\" height=\"68\" class=\"aligncenter size-medium wp-image-1535\" srcset=\"https:\/\/berlin.wordcamp.org\/2015\/files\/2015\/10\/savvii_logo_RGB-300x68.png 300w, https:\/\/berlin.wordcamp.org\/2015\/files\/2015\/10\/savvii_logo_RGB.png 372w\" sizes=\"auto, (max-width: 300px) 100vw, 300px\" \/><\/a><\/div>\n<div class=\"logo-rechts\"><a href=\"http:\/\/wp-media.me\/\"><img loading=\"lazy\" decoding=\"async\" class=\"aligncenter size-medium wp-image-1567\" src=\"https:\/\/2015.berlin.wordcamp.org\/files\/2015\/10\/logo-wpmedia-300x108.png\" alt=\"logo-wpmedia\" width=\"300\" height=\"108\" srcset=\"https:\/\/berlin.wordcamp.org\/2015\/files\/2015\/10\/logo-wpmedia-300x108.png 300w, https:\/\/berlin.wordcamp.org\/2015\/files\/2015\/10\/logo-wpmedia-1024x369.png 1024w, https:\/\/berlin.wordcamp.org\/2015\/files\/2015\/10\/logo-wpmedia-500x180.png 500w\" sizes=\"auto, (max-width: 300px) 100vw, 300px\" \/><\/a><br \/>&nbsp;<br \/>&nbsp;<br \/>&nbsp;<br \/>&nbsp;<br \/><a href=\"http:\/\/www.mhthemes.com\/de\/\" rel=\"nofollow\"><img loading=\"lazy\" decoding=\"async\" src=\"https:\/\/2015.berlin.wordcamp.org\/files\/2015\/09\/MH_Themes_black-300x100.png\" alt=\"MH_Themes_black\" width=\"300\" height=\"100\" class=\"aligncenter size-medium wp-image-960\" srcset=\"https:\/\/berlin.wordcamp.org\/2015\/files\/2015\/09\/MH_Themes_black-300x100.png 300w, https:\/\/berlin.wordcamp.org\/2015\/files\/2015\/09\/MH_Themes_black-1024x341.png 1024w, https:\/\/berlin.wordcamp.org\/2015\/files\/2015\/09\/MH_Themes_black-500x167.png 500w\" sizes=\"auto, (max-width: 300px) 100vw, 300px\" \/><\/a><a href=\"http:\/\/elmastudio.de\" rel=\"nofollow\"><img loading=\"lazy\" decoding=\"async\" src=\"https:\/\/2015.berlin.wordcamp.org\/files\/2015\/09\/elmastudio-logo-300x91.png\" alt=\"elmastudio-logo\" width=\"300\" height=\"91\" class=\"aligncenter size-medium wp-image-980\" srcset=\"https:\/\/berlin.wordcamp.org\/2015\/files\/2015\/09\/elmastudio-logo-300x91.png 300w, https:\/\/berlin.wordcamp.org\/2015\/files\/2015\/09\/elmastudio-logo.png 330w\" sizes=\"auto, (max-width: 300px) 100vw, 300px\" \/><\/a><a href=\"http:\/\/www.eurotext-ecommerce.com\/\" rel=\"nofollow\"><img loading=\"lazy\" decoding=\"async\" class=\"aligncenter size-medium wp-image-1266\" src=\"https:\/\/2015.berlin.wordcamp.org\/files\/2015\/07\/Eurotext_AG_300-300x50.png\" alt=\"Eurotext_AG\" width=\"300\" height=\"50\" \/><\/a><\/p>\n<\/div>\n<div style=\"clear:both\"><strong>Hier k\u00f6nnte Ihr Logo stehen. <a href=\"https:\/\/2015.berlin.wordcamp.org\/sponsors\/sponsoring\/\">Sprechen Sie uns an<\/a>.<\/strong><\/div>\n<\/div>\n","protected":false},"excerpt":{"rendered":"<p>Wir freuen uns, euch dieses Jahr wieder ein WordCamp in Berlin ank\u00fcndigen zu k\u00f6nnen. Du bist begeistert von WordPress und m\u00f6chtest dem System tiefer unter die Haube schauen? Du m\u00f6chtest nicht nur fertige Themes oder Plugins nutzen, sondern auch selber Hand anlegen? Wenn dich Themes, Plugins und die tech\u00adni\u00adschen M\u00f6glichkeiten von WordPress interessieren\u00a0und wenn du &hellip; <a href=\"https:\/\/berlin.wordcamp.org\/2015\/wordcamp-berlin-2015\/\" class=\"more-link\"><span class=\"screen-reader-text\">Herzlich Willkommen zum WordCamp Berlin 2015 !<\/span> weiterlesen<\/a><\/p>\n","protected":false},"author":853893,"featured_media":422,"parent":0,"menu_order":0,"comment_status":"closed","ping_status":"closed","template":"","meta":{"jetpack_post_was_ever_published":false,"footnotes":""},"class_list":["post-119","page","type-page","status-publish","has-post-thumbnail","hentry"],"jetpack_sharing_enabled":true,"jetpack_shortlink":"https:\/\/wp.me\/P6xjyn-1V","_links":{"self":[{"href":"https:\/\/berlin.wordcamp.org\/2015\/wp-json\/wp\/v2\/pages\/119","targetHints":{"allow":["GET"]}}],"collection":[{"href":"https:\/\/berlin.wordcamp.org\/2015\/wp-json\/wp\/v2\/pages"}],"about":[{"href":"https:\/\/berlin.wordcamp.org\/2015\/wp-json\/wp\/v2\/types\/page"}],"author":[{"embeddable":true,"href":"https:\/\/berlin.wordcamp.org\/2015\/wp-json\/wp\/v2\/users\/853893"}],"replies":[{"embeddable":true,"href":"https:\/\/berlin.wordcamp.org\/2015\/wp-json\/wp\/v2\/comments?post=119"}],"version-history":[{"count":81,"href":"https:\/\/berlin.wordcamp.org\/2015\/wp-json\/wp\/v2\/pages\/119\/revisions"}],"predecessor-version":[{"id":1679,"href":"https:\/\/berlin.wordcamp.org\/2015\/wp-json\/wp\/v2\/pages\/119\/revisions\/1679"}],"wp:featuredmedia":[{"embeddable":true,"href":"https:\/\/berlin.wordcamp.org\/2015\/wp-json\/wp\/v2\/media\/422"}],"wp:attachment":[{"href":"https:\/\/berlin.wordcamp.org\/2015\/wp-json\/wp\/v2\/media?parent=119"}],"curies":[{"name":"wp","href":"https:\/\/api.w.org\/{rel}","templated":true}]}}